when 222 is divided by 114?
108
Calculate the remainder when 269 is divided by 15.
14
Calculate the remainder when 174 is divided by 11.
9
Calculate the remainder when 653 is divided by 56.
37
What is the remainder when 577 is divided by 12?
1
Calculate the remainder when 74 is divided by 9.
2
What is the remainder when 388 is divided by 137?
114
What is the remainder when 21418 is divided by 204?
202
Calculate the remainder when 50 is divided by 3.
2
Calculate the remainder when 6834 is divided by 129.
126
Calculate the remainder when 64 is divided by 15.
4
Calculate the remainder when 2698 is divided by 36.
34
What is the remainder when 331 is divided by 16?
11
What is the remainder when 913 is divided by 15?
13
What is the remainder when 55 is divided by 50?
5
Calculate the remainder when 256 is divided by 230.
26
Calculate the remainder when 81 is divided by 21.
18
What is the remainder when 189 is divided by 52?
33
Calculate the remainder when 1612 is divided by 322.
2
Calculate the remainder when 151 is divided by 17.
15
Calculate the remainder when 1953 is divided by 49.
42
Calculate the remainder when 31 is divided by 7.
3
What is the remainder when 4369 is divided by 26?
1
What is the remainder when 1061 is divided by 14?
11
Calculate the remainder when 38 is divided by 12.
2
Calculate the remainder when 18232 is divided by 3.
1
What is the remainder when 80 is divided by 29?
22
Calculate the remainder when 245 is divided by 63.
56
Calculate the remainder when 1868 is divided by 22.
20
What is the remainder when 322 is divided by 111?
100
What is the remainder when 16364 is divided by 33?
29
Calculate the remainder when 92 is divided by 44.
4
What is the remainder when 5784 is divided by 31?
18
Calculate the remainder when 147 is divided by 41.
24
Calculate the remainder when 813 is divided by 12.
9
What is the remainder when 174 is divided by 22?
20
Calculate the remainder when 326 is divided by 159.
8
Calculate the remainder when 193 is divided by 27.
4
What is the remainder when 4500 is divided by 53?
48
Calculate the remainder when 200 is divided by 40.
0
What is the remainder when 534 is divided by 94?
64
What is the remainder when 102 is divided by 35?
32
Calculate the remainder when 40235 is divided by 12.
11
What is the remainder when 503 is divided by 24?
23
What is the remainder when 580 is divided by 45?
40
What is the remainder when 17 is divided by 12?
5
What is the remainder when 223 is divided by 101?
21
What is the remainder when 330 is divided by 293?
37
What is the remainder when 188 is divided by 25?
13
What is the remainder when 571 is divided by 10?
1
What is the remainder when 449 is divided by 7?
1
Calculate the remainder when 588 is divided by 118.
116
What is the remainder when 1075 is divided by 16?
3
Calculate the remainder when 53 is divided by 18.
17
What is the remainder when 91 is divided by 32?
27
What is the remainder when 200 is divided by 49?
4
What is the remainder when 132 is divided by 23?
17
Calculate the remainder when 295 is divided by 46.
19
Calculate the remainder when 1213 is divided by 212.
153
What is the remainder when 239 is divided by 8?
7
Calculate the remainder when 193 is divided by 67.
59
What is the remainder when 836 is divided by 56?
52
What is the remainder when 957 is divided by 46?
37
Calculate the remainder when 498 is divided by 84.
78
Calculate the remainder when 3494 is divided by 92.
90
What is the remainder when 788 is divided by 101?
81
Calculate the remainder when 69 is divided by 13.
4
What is the remainder when 367 is divided by 189?
178
What is the remainder when 8341 is divided by 39?
34
What is the remainder when 141 is divided by 74?
67
Calculate the remainder when 4336 is divided by 14.
10
What is the remainder when 722 is divided by 118?
14
What is the remainder when 242 is divided by 138?
104
What is the remainder when 368 is divided by 37?
35
Calculate the remainder when 285 is divided by 23.
9
What is the remainder when 261 is divided by 67?
60
What is the remainder when 873 is divided by 202?
65
What is the remainder when 250 is divided by 18?
16
What is the remainder when 635 is divided by 13?
11
What is the remainder when 3322 is divided by 256?
250
Calculate the remainder when 74 is divided by 7.
4
Calculate the remainder when 84 is divided by 29.
26
Calculate the remainder when 26971 is divided by 44.
43
What is the remainder when 149 is divided by 8?
5
Calculate the remainder when 190 is divided by 97.
93
What is the remainder when 6595 is divided by 74?
9
Calculate the remainder when 9309 is divided by 32.
29
What is the remainder when 3511 is divided by 95?
91
What is the remainder when 637 is divided by 22?
21
What is the remainder when 258 is divided by 40?
18
Calculate the remainder when 3279 is divided by 30.
9
What is the remainder when 265 is divided by 47?
30
What is the remainder when 3309 is divided by 138?
135
Calculate the remainder when 1617 is divided by 337.
269
Calculate the remainder when 594 is divided by 35.
34
Calculate the remainder when 139 is divided by 53.
33
What is the remainder when 47 is divided by 27?
20
What is the remainder when 389 is divided by 98?
95
Calculate the remainder when 59 is divided by 16.
11
What is the remainder when 6756 is divided by 52?
48
Calculate the remainder when 831 is divided by 205.
11
What is the remainder when 121 is divided by 56?
9
What is the remainder when 155 is divided by 68?
19
What is the remainder when 14900 is divided by 54?
50
What is the remainder when 64065 is divided by 76?
73
Calculate the remainder when 242 is divided by 65.
47
Calculate the remainder when 918 is divided by 185.
178
Calculate the remainder when 506 is divided by 40.
26
What is the remainder when 8979 is divided by 21?
12
Calculate the remainder when 675 is divided by 242.
191
Calculate the remainder when 279 is divided by 29.
18
What is the remainder when 129 is divided by 81?
48
What is the remainder when 68 is divided by 48?
20
Calculate the remainder when 190 is divided by 49.
43
What is the remainder when 253 is divided by 4?
1
Calculate the remainder when 250 is divided by 15.
10
Calculate the remainder when 133 is divided by 50.
33
What is the remainder when 13 is divided by 3?
1
What is the remainder when 847 is divided by 57?
49
What is the remainder when 562 is divided by 236?
90
Calculate the remainder when 241 is divided by 190.
51
What is the remainder when 446 is divided by 147?
5
What is the remainder when 25 is divided by 2?
1
What is the remainder when 587 is divided by 199?
189
Calculate the remainder when 1187 is divided by 246.
203
Calculate the remainder when 525 is divided by 22.
19
Calculate the remainder when 5719 is divided by 27.
22
Calculate the remainder when 540 is divided by 104.
20
Calculate the remainder when 97 is divided by 11.
9
Calculate the remainder when 2411 is divided by 599.
15
What is the remainder when 785 is divided by 56?
1
Calculate the remainder when 214 is divided by 8.
6
What is the remainder when 227 is divided by 65?
32
Calculate the remainder when 32 is divided by 5.
2
What is the remainder when 14832 is divided by 91?
90
Calculate the remainder when 43 is divided by 24.
19
What is the remainder when 37 is divided by 22?
15
Calculate the remainder when 3244 is divided by 14.
10
Calculate the remainder when 1021 is divided by 14.
13
Calculate the remainder when 59 is divided by 4.
3
Calculate the remainder when 143 is divided by 16.
15
Calculate the remainder when 34049 is divided by 49.
43
What is the remainder when 130 is divided by 39?
13
What is the remainder when 238 is divided by 117?
4
Calculate the remainder when 955 is divided by 137.
133
What is the remainder when 485 is divided by 49?
44
What is the remainder when 3036 is divided by 121?
11
What is the remainder when 43 is divided by 23?
20
What is the remainder when 3128 is divided by 780?
8
Calculate the remainder when 317 is divided by 35.
2
What is the remainder when 215 is divided by 36?
35
What is the remainder when 1298 is divided by 10?
8
What is the remainder when 370 is divided by 54?
46
Calculate the remainder when 69 is divided by 51.
18
What is the remainder when 112 is divided by 98